{"id":3593,"date":"2021-07-10T18:35:50","date_gmt":"2021-07-10T16:35:50","guid":{"rendered":"https:\/\/metropolitanohc.com\/web\/?page_id=3593"},"modified":"2021-07-12T23:25:46","modified_gmt":"2021-07-12T21:25:46","slug":"informacion-2021-22","status":"publish","type":"page","link":"https:\/\/metropolitanohc.com\/web\/informacion-2021-22\/","title":{"rendered":"Informaci\u00f3n 2021-22"},"content":{"rendered":"<p>[vc_row][vc_column][vc_custom_heading text=\u00bbTemporada 2021-22 \/ Informaci\u00f3n\u00bb font_container=\u00bbtag:h1|text_align:center|color:%23000000&#8243; use_theme_fonts=\u00bbyes\u00bb el_class=\u00bbtitle\u00bb][\/vc_column][\/vc_row][vc_row video_bg=\u00bbyes\u00bb video_bg_url=\u00bbhttps:\/\/www.facebook.com\/MetropolitanoHockeyClub\/videos\/1809190459138215\/\u00bb css=\u00bb.vc_custom_1626125144444{border-top-width: 1px !important;border-bottom-width: 1px !important;background-color: #ffffff !important;}\u00bb el_class=\u00bbsuccess-story2&#8243;][vc_column parallax=\u00bbcontent-moving\u00bb width=\u00bb1\/2&#8243; css=\u00bb.vc_custom_1625935203818{padding-top: 15px !important;padding-right: 15px !important;padding-bottom: 15px !important;padding-left: 15px !important;}\u00bb][vc_row_inner][vc_column_inner][vc_column_text]<strong> Categor\u00edas inferiores :<\/strong><\/p>\n<ul>\n<li>Escuela de Hockey ( nacidos\/as &gt; 2010 )<\/li>\n<li>Alevines ( nacidos\/as 2009 &#8211; 2010 )<\/li>\n<li>Infantiles ( nacidos \/as 2007 &#8211; 2008 )<\/li>\n<li>Resto de categor\u00edas ( prebenjam\u00edn y Benjam\u00edn nacid@s &lt; 2007 )<\/li>\n<\/ul>\n<p>[\/vc_column_text][vc_column_text]<strong>Competiciones :<\/strong><\/p>\n<p>Las competiciones son mixtas hasta infantil (incluido)<\/p>\n<p>El Metropolitano tiene presencia en el hockey l\u00ednea femenino con su equipo\u00a0 S\u00e9nior, dando continuidad a sus jugadoras a la competici\u00f3n.[\/vc_column_text][\/vc_column_inner][\/vc_row_inner][vc_single_image image=\u00bb2878&#8243; img_size=\u00bbmedium\u00bb alignment=\u00bbcenter\u00bb][\/vc_column][vc_column width=\u00bb1\/2&#8243;][vc_column_text]<strong>Los jugadores y jugadoras para entrenar:<\/strong><\/p>\n<ul>\n<li>Tienen que ser socios\/as de Bilbao Kirolak (BK)<\/li>\n<li>El primer mes es gratuito.<\/li>\n<li>Entrenan tres d\u00edas a la semana.<\/li>\n<li>Entrenan en la pista principal 1h y media cada d\u00eda.<\/li>\n<li>El club les deja el material necesario hasta que se vayan haciendo con su\u00a0 propia equipaci\u00f3n ( espinillera, coderas, guantes, stick\u2026) de patines no disponemos.<\/li>\n<li>Disponemos de vestuarios para uso exclusivo del club.<\/li>\n<li>Disponen de cestas en la instalaci\u00f3n para dejar sus equipaciones.<\/li>\n<li>Los entrenadores\/as poseen titulaci\u00f3n acreditada por la Real Federaci\u00f3n Espa\u00f1ola de Patinaje (RFEP).<\/li>\n<li>El club dispone de furgonetas para los desplazamientos de los\/as jugadores\/as ( desde infantil )<\/li>\n<li>Los gastos de desplazamientos y hoteles (en caso de pernoctaci\u00f3n) entran en las cuotas mensuales ( desde infantil)<\/li>\n<li>Todos los jugadores \/as son socios\/as del club.<\/li>\n<li>Los jugadores\/ras que tengan m\u00e1s de 15 a\u00f1os deben federarse (seguro obligatorio)<\/li>\n<li>Los jugadores\/ras (todos\/as) que compiten a nivel nacional, tienen que federarse (licencia) y homologar su participaci\u00f3n en dicha competici\u00f3n.<\/li>\n<li>El gasto de la licencia y homologaci\u00f3n no entra en la cuota mensual.<\/li>\n<li>Los menores hasta 15 a\u00f1os (incluidos) en la \u00abcompetici\u00f3n auton\u00f3mica\u00bb pueden jugar con licencia escolar ( gratuita )<\/li>\n<\/ul>\n<p>[\/vc_column_text][\/vc_column][\/vc_row][vc_row][vc_column width=\u00bb1\/2&#8243;][vc_single_image image=\u00bb3631&#8243; img_size=\u00bblarge\u00bb alignment=\u00bbcenter\u00bb][\/vc_column][vc_column width=\u00bb1\/2&#8243;]\n<div class=\"wpcf7 no-js\" id=\"wpcf7-f3544-o1\" lang=\"es-ES\" dir=\"ltr\" data-wpcf7-id=\"3544\">\n<div class=\"screen-reader-response\"><p role=\"status\" aria-live=\"polite\" aria-atomic=\"true\"><\/p> <ul><\/ul><\/div>\n<form action=\"\/web\/wp-json\/wp\/v2\/pages\/3593#wpcf7-f3544-o1\" method=\"post\" class=\"wpcf7-form init\" aria-label=\"Formulario de contacto\" novalidate=\"novalidate\" data-status=\"init\">\n<fieldset class=\"hidden-fields-container\"><input type=\"hidden\" name=\"_wpcf7\" value=\"3544\" \/><input type=\"hidden\" name=\"_wpcf7_version\" value=\"6.1.5\" \/><input type=\"hidden\" name=\"_wpcf7_locale\" value=\"es_ES\" \/><input type=\"hidden\" name=\"_wpcf7_unit_tag\" value=\"wpcf7-f3544-o1\" \/><input type=\"hidden\" name=\"_wpcf7_container_post\" value=\"0\" \/><input type=\"hidden\" name=\"_wpcf7_posted_data_hash\" value=\"\" \/>\n<\/fieldset>\n<p><label> Tu nombre<br \/>\n<span class=\"wpcf7-form-control-wrap\" data-name=\"your-name\"><input size=\"90\" maxlength=\"90\" class=\"wpcf7-form-control wpcf7-text wpcf7-validates-as-required\" aria-required=\"true\" aria-invalid=\"false\" value=\"\" type=\"text\" name=\"your-name\" \/><\/span> <\/label>\n<\/p>\n<p><label> Tu correo electr\u00f3nico<br \/>\n<span class=\"wpcf7-form-control-wrap\" data-name=\"your-email\"><input size=\"90\" maxlength=\"90\" class=\"wpcf7-form-control wpcf7-email wpcf7-validates-as-required wpcf7-text wpcf7-validates-as-email\" aria-required=\"true\" aria-invalid=\"false\" value=\"\" type=\"email\" name=\"your-email\" \/><\/span> <\/label>\n<\/p>\n<p><label> Asunto<br \/>\n<span class=\"wpcf7-form-control-wrap\" data-name=\"your-subject\"><input size=\"90\" maxlength=\"90\" class=\"wpcf7-form-control wpcf7-text wpcf7-validates-as-required\" aria-required=\"true\" aria-invalid=\"false\" value=\"\" type=\"text\" name=\"your-subject\" \/><\/span> <\/label>\n<\/p>\n<p><label> Tu mensaje (opcional)<br \/>\n<span class=\"wpcf7-form-control-wrap\" data-name=\"your-message\"><textarea cols=\"40\" rows=\"10\" maxlength=\"2000\" class=\"wpcf7-form-control wpcf7-textarea\" aria-invalid=\"false\" name=\"your-message\"><\/textarea><\/span> <\/label><br \/>\n<span class=\"wpcf7-form-control-wrap kc_captcha\" data-name=\"kc_captcha\"><span class=\"wpcf7-form-control wpcf7-radio\"><span class=\"captcha-image\" ><span class=\"cf7ic_instructions\">Por favor, prueba que eres humano seleccionando el<span> casa<\/span>.<\/span><label><input aria-label=\"1\" type=\"radio\" name=\"kc_captcha\" value=\"kc_human\" \/><svg aria-hidden=\"true\" role=\"img\" xmlns=\"http:\/\/www.w3.org\/2000\/svg\" viewBox=\"0 0 576 512\"><path fill=\"currentColor\" d=\"M488 313v143c0 13-11 24-24 24H348c-7 0-12-5-12-12V356c0-7-5-12-12-12h-72c-7 0-12 5-12 12v112c0 7-5 12-12 12H112c-13 0-24-11-24-24V313c0-4 2-7 4-10l188-154c5-4 11-4 16 0l188 154c2 3 4 6 4 10zm84-61l-84-69V44c0-6-5-12-12-12h-56c-7 0-12 6-12 12v73l-89-74a48 48 0 00-61 0L4 252c-5 4-5 12-1 17l25 31c5 5 12 5 17 1l235-193c5-4 11-4 16 0l235 193c5 5 13 4 17-1l25-31c4-6 4-13-1-17z\"\/><\/svg><\/label><label><input aria-label=\"2\" type=\"radio\" name=\"kc_captcha\" value=\"bot\" \/><svg aria-hidden=\"true\" role=\"img\" xmlns=\"http:\/\/www.w3.org\/2000\/svg\" viewBox=\"0 0 512 512\"><path fill=\"currentColor\" d=\"M512 176a176 176 0 01-209 173l-24 27a24 24 0 01-18 8h-37v40c0 13-11 24-24 24h-40v40c0 13-11 24-24 24H24c-13 0-24-11-24-24v-78c0-6 3-13 7-17l162-162a176 176 0 11343-55zm-176-48a48 48 0 1096 0 48 48 0 00-96 0z\"\/><\/svg><\/label><label><input aria-label=\"3\" type=\"radio\" name=\"kc_captcha\" value=\"bot\" \/><svg aria-hidden=\"true\" role=\"img\" xmlns=\"http:\/\/www.w3.org\/2000\/svg\" viewBox=\"0 0 576 512\"><path fill=\"currentColor\" d=\"M472 200H360L256 6a12 12 0 00-10-6h-58c-8 0-14 7-12 15l34 185H100l-35-58a12 12 0 00-10-6H12c-8 0-13 7-12 14l21 106L0 362c-1 7 4 14 12 14h43c4 0 8-2 10-6l35-58h110l-34 185c-2 8 4 15 12 15h58a12 12 0 0010-6l104-194h112c57 0 104-25 104-56s-47-56-104-56z\"\/><\/svg><\/label>\r\n    <\/span>\r\n    <span style=\"display:none\">\r\n        <input type=\"text\" name=\"kc_honeypot\">\r\n    <\/span><\/span><\/span><br \/>\n<input class=\"wpcf7-form-control wpcf7-submit has-spinner\" type=\"submit\" value=\"Enviar\" \/>\n<\/p><div class=\"wpcf7-response-output\" aria-hidden=\"true\"><\/div>\n<\/form>\n<\/div>\n[\/vc_column][\/vc_row]<\/p>\n","protected":false},"excerpt":{"rendered":"<p>[vc_row][vc_column][vc_custom_heading text=\u00bbTemporada 2021-22 \/ Informaci\u00f3n\u00bb font_container=\u00bbtag:h1|text_align:center|color:%23000000&#8243; use_theme_fonts=\u00bbyes\u00bb el_class=\u00bbtitle\u00bb][\/vc_column][\/vc_row][vc_row video_bg=\u00bbyes\u00bb video_bg_url=\u00bbhttps:\/\/www.facebook.com\/MetropolitanoHockeyClub\/videos\/1809190459138215\/\u00bb css=\u00bb.vc_custom_1626125144444{border-top-width: 1px !important;border-bottom-width: 1px !important;background-color: #ffffff !important;}\u00bb el_class=\u00bbsuccess-story2&#8243;][vc_column parallax=\u00bbcontent-moving\u00bb width=\u00bb1\/2&#8243; css=\u00bb.vc_custom_1625935203818{padding-top: 15px !important;padding-right: 15px !important;padding-bottom: 15px !important;padding-left: 15px !important;}\u00bb][vc_row_inner][vc_column_inner][vc_column_text] Categor\u00edas inferiores : Escuela de Hockey ( nacidos\/as &gt; 2010 ) Alevines ( nacidos\/as 2009 &#8211; 2010 ) Infantiles ( nacidos \/as 2007 &#8211; 2008 ) [&hellip;]<\/p>\n","protected":false},"author":3,"featured_media":0,"parent":0,"menu_order":0,"comment_status":"closed","ping_status":"closed","template":"","meta":{"footnotes":""},"class_list":["post-3593","page","type-page","status-publish","hentry"],"yoast_head":"<!-- This site is optimized with the Yoast SEO plugin v27.4 - https:\/\/yoast.com\/product\/yoast-seo-wordpress\/ -->\n<title>Informaci\u00f3n 2021-22 -<\/title>\n<meta name=\"robots\" content=\"index, follow, max-snippet:-1, max-image-preview:large, max-video-preview:-1\" \/>\n<link rel=\"canonical\" href=\"https:\/\/metropolitanohc.com\/web\/informacion-2021-22\/\" \/>\n<meta property=\"og:locale\" content=\"es_ES\" \/>\n<meta property=\"og:type\" content=\"article\" \/>\n<meta property=\"og:title\" content=\"Informaci\u00f3n 2021-22 -\" \/>\n<meta property=\"og:description\" content=\"[vc_row][vc_column][vc_custom_heading text=\u00bbTemporada 2021-22 \/ Informaci\u00f3n\u00bb font_container=\u00bbtag:h1|text_align:center|color:%23000000&#8243; use_theme_fonts=\u00bbyes\u00bb el_class=\u00bbtitle\u00bb][\/vc_column][\/vc_row][vc_row video_bg=\u00bbyes\u00bb video_bg_url=\u00bbhttps:\/\/www.facebook.com\/MetropolitanoHockeyClub\/videos\/1809190459138215\/\u00bb css=\u00bb.vc_custom_1626125144444{border-top-width: 1px !important;border-bottom-width: 1px !important;background-color: #ffffff !important;}\u00bb el_class=\u00bbsuccess-story2&#8243;][vc_column parallax=\u00bbcontent-moving\u00bb width=\u00bb1\/2&#8243; css=\u00bb.vc_custom_1625935203818{padding-top: 15px !important;padding-right: 15px !important;padding-bottom: 15px !important;padding-left: 15px !important;}\u00bb][vc_row_inner][vc_column_inner][vc_column_text] Categor\u00edas inferiores : Escuela de Hockey ( nacidos\/as &gt; 2010 ) Alevines ( nacidos\/as 2009 &#8211; 2010 ) Infantiles ( nacidos \/as 2007 &#8211; 2008 ) [&hellip;]\" \/>\n<meta property=\"og:url\" content=\"https:\/\/metropolitanohc.com\/web\/informacion-2021-22\/\" \/>\n<meta property=\"article:publisher\" content=\"https:\/\/www.facebook.com\/MetropolitanoHockeyClub\/\" \/>\n<meta property=\"article:modified_time\" content=\"2021-07-12T21:25:46+00:00\" \/>\n<meta name=\"twitter:card\" content=\"summary_large_image\" \/>\n<meta name=\"twitter:label1\" content=\"Tiempo de lectura\" \/>\n\t<meta name=\"twitter:data1\" content=\"2 minutos\" \/>\n<script type=\"application\/ld+json\" class=\"yoast-schema-graph\">{\"@context\":\"https:\\\/\\\/schema.org\",\"@graph\":[{\"@type\":\"WebPage\",\"@id\":\"https:\\\/\\\/metropolitanohc.com\\\/web\\\/informacion-2021-22\\\/\",\"url\":\"https:\\\/\\\/metropolitanohc.com\\\/web\\\/informacion-2021-22\\\/\",\"name\":\"Informaci\u00f3n 2021-22 -\",\"isPartOf\":{\"@id\":\"https:\\\/\\\/metropolitanohc.com\\\/web\\\/#website\"},\"datePublished\":\"2021-07-10T16:35:50+00:00\",\"dateModified\":\"2021-07-12T21:25:46+00:00\",\"breadcrumb\":{\"@id\":\"https:\\\/\\\/metropolitanohc.com\\\/web\\\/informacion-2021-22\\\/#breadcrumb\"},\"inLanguage\":\"es\",\"potentialAction\":[{\"@type\":\"ReadAction\",\"target\":[\"https:\\\/\\\/metropolitanohc.com\\\/web\\\/informacion-2021-22\\\/\"]}]},{\"@type\":\"BreadcrumbList\",\"@id\":\"https:\\\/\\\/metropolitanohc.com\\\/web\\\/informacion-2021-22\\\/#breadcrumb\",\"itemListElement\":[{\"@type\":\"ListItem\",\"position\":1,\"name\":\"Home\",\"item\":\"https:\\\/\\\/metropolitanohc.com\\\/web\\\/\"},{\"@type\":\"ListItem\",\"position\":2,\"name\":\"Informaci\u00f3n 2021-22\"}]},{\"@type\":\"WebSite\",\"@id\":\"https:\\\/\\\/metropolitanohc.com\\\/web\\\/#website\",\"url\":\"https:\\\/\\\/metropolitanohc.com\\\/web\\\/\",\"name\":\"\",\"description\":\"\",\"potentialAction\":[{\"@type\":\"SearchAction\",\"target\":{\"@type\":\"EntryPoint\",\"urlTemplate\":\"https:\\\/\\\/metropolitanohc.com\\\/web\\\/?s={search_term_string}\"},\"query-input\":{\"@type\":\"PropertyValueSpecification\",\"valueRequired\":true,\"valueName\":\"search_term_string\"}}],\"inLanguage\":\"es\"}]}<\/script>\n<!-- \/ Yoast SEO plugin. -->","yoast_head_json":{"title":"Informaci\u00f3n 2021-22 -","robots":{"index":"index","follow":"follow","max-snippet":"max-snippet:-1","max-image-preview":"max-image-preview:large","max-video-preview":"max-video-preview:-1"},"canonical":"https:\/\/metropolitanohc.com\/web\/informacion-2021-22\/","og_locale":"es_ES","og_type":"article","og_title":"Informaci\u00f3n 2021-22 -","og_description":"[vc_row][vc_column][vc_custom_heading text=\u00bbTemporada 2021-22 \/ Informaci\u00f3n\u00bb font_container=\u00bbtag:h1|text_align:center|color:%23000000&#8243; use_theme_fonts=\u00bbyes\u00bb el_class=\u00bbtitle\u00bb][\/vc_column][\/vc_row][vc_row video_bg=\u00bbyes\u00bb video_bg_url=\u00bbhttps:\/\/www.facebook.com\/MetropolitanoHockeyClub\/videos\/1809190459138215\/\u00bb css=\u00bb.vc_custom_1626125144444{border-top-width: 1px !important;border-bottom-width: 1px !important;background-color: #ffffff !important;}\u00bb el_class=\u00bbsuccess-story2&#8243;][vc_column parallax=\u00bbcontent-moving\u00bb width=\u00bb1\/2&#8243; css=\u00bb.vc_custom_1625935203818{padding-top: 15px !important;padding-right: 15px !important;padding-bottom: 15px !important;padding-left: 15px !important;}\u00bb][vc_row_inner][vc_column_inner][vc_column_text] Categor\u00edas inferiores : Escuela de Hockey ( nacidos\/as &gt; 2010 ) Alevines ( nacidos\/as 2009 &#8211; 2010 ) Infantiles ( nacidos \/as 2007 &#8211; 2008 ) [&hellip;]","og_url":"https:\/\/metropolitanohc.com\/web\/informacion-2021-22\/","article_publisher":"https:\/\/www.facebook.com\/MetropolitanoHockeyClub\/","article_modified_time":"2021-07-12T21:25:46+00:00","twitter_card":"summary_large_image","twitter_misc":{"Tiempo de lectura":"2 minutos"},"schema":{"@context":"https:\/\/schema.org","@graph":[{"@type":"WebPage","@id":"https:\/\/metropolitanohc.com\/web\/informacion-2021-22\/","url":"https:\/\/metropolitanohc.com\/web\/informacion-2021-22\/","name":"Informaci\u00f3n 2021-22 -","isPartOf":{"@id":"https:\/\/metropolitanohc.com\/web\/#website"},"datePublished":"2021-07-10T16:35:50+00:00","dateModified":"2021-07-12T21:25:46+00:00","breadcrumb":{"@id":"https:\/\/metropolitanohc.com\/web\/informacion-2021-22\/#breadcrumb"},"inLanguage":"es","potentialAction":[{"@type":"ReadAction","target":["https:\/\/metropolitanohc.com\/web\/informacion-2021-22\/"]}]},{"@type":"BreadcrumbList","@id":"https:\/\/metropolitanohc.com\/web\/informacion-2021-22\/#breadcrumb","itemListElement":[{"@type":"ListItem","position":1,"name":"Home","item":"https:\/\/metropolitanohc.com\/web\/"},{"@type":"ListItem","position":2,"name":"Informaci\u00f3n 2021-22"}]},{"@type":"WebSite","@id":"https:\/\/metropolitanohc.com\/web\/#website","url":"https:\/\/metropolitanohc.com\/web\/","name":"","description":"","potentialAction":[{"@type":"SearchAction","target":{"@type":"EntryPoint","urlTemplate":"https:\/\/metropolitanohc.com\/web\/?s={search_term_string}"},"query-input":{"@type":"PropertyValueSpecification","valueRequired":true,"valueName":"search_term_string"}}],"inLanguage":"es"}]}},"_links":{"self":[{"href":"https:\/\/metropolitanohc.com\/web\/wp-json\/wp\/v2\/pages\/3593","targetHints":{"allow":["GET"]}}],"collection":[{"href":"https:\/\/metropolitanohc.com\/web\/wp-json\/wp\/v2\/pages"}],"about":[{"href":"https:\/\/metropolitanohc.com\/web\/wp-json\/wp\/v2\/types\/page"}],"author":[{"embeddable":true,"href":"https:\/\/metropolitanohc.com\/web\/wp-json\/wp\/v2\/users\/3"}],"replies":[{"embeddable":true,"href":"https:\/\/metropolitanohc.com\/web\/wp-json\/wp\/v2\/comments?post=3593"}],"version-history":[{"count":39,"href":"https:\/\/metropolitanohc.com\/web\/wp-json\/wp\/v2\/pages\/3593\/revisions"}],"predecessor-version":[{"id":3731,"href":"https:\/\/metropolitanohc.com\/web\/wp-json\/wp\/v2\/pages\/3593\/revisions\/3731"}],"wp:attachment":[{"href":"https:\/\/metropolitanohc.com\/web\/wp-json\/wp\/v2\/media?parent=3593"}],"curies":[{"name":"wp","href":"https:\/\/api.w.org\/{rel}","templated":true}]}}